{"id":34,"date":"2023-08-28T18:42:36","date_gmt":"2023-08-28T21:42:36","guid":{"rendered":"https:\/\/acbmotta.com\/?page_id=34"},"modified":"2025-10-29T21:29:40","modified_gmt":"2025-10-30T00:29:40","slug":"pesquisadora","status":"publish","type":"page","link":"https:\/\/acbmotta.com\/index.php\/pesquisadora\/","title":{"rendered":"A Pesquisadora"},"content":{"rendered":"\t\t<div data-elementor-type=\"wp-page\" data-elementor-id=\"34\" class=\"elementor elementor-34\">\n\t\t\t\t\t\t<section class=\"elementor-section elementor-top-section elementor-element elementor-element-20950d2f elementor-section-boxed elementor-section-height-default elementor-section-height-default\" data-id=\"20950d2f\" data-element_type=\"section\">\n\t\t\t\t\t\t<div class=\"elementor-container elementor-column-gap-default\">\n\t\t\t\t\t<div class=\"elementor-column elementor-col-100 elementor-top-column elementor-element elementor-element-6d97e494\" data-id=\"6d97e494\" data-element_type=\"column\">\n\t\t\t<div class=\"elementor-widget-wrap elementor-element-populated\">\n\t\t\t\t\t\t<div class=\"elementor-element elementor-element-17d173c0 elementor-widget elementor-widget-spacer\" data-id=\"17d173c0\" data-element_type=\"widget\" data-widget_type=\"spacer.default\">\n\t\t\t\t<div class=\"elementor-widget-container\">\n\t\t\t\t\t\t\t<div class=\"elementor-spacer\">\n\t\t\t<div class=\"elementor-spacer-inner\"><\/div>\n\t\t<\/div>\n\t\t\t\t\t\t<\/div>\n\t\t\t\t<\/div>\n\t\t\t\t\t<\/div>\n\t\t<\/div>\n\t\t\t\t\t<\/div>\n\t\t<\/section>\n\t\t\t\t<section class=\"elementor-section elementor-top-section elementor-element elementor-element-692c1f2a elementor-section-boxed elementor-section-height-default elementor-section-height-default\" data-id=\"692c1f2a\" data-element_type=\"section\">\n\t\t\t\t\t\t<div class=\"elementor-container elementor-column-gap-default\">\n\t\t\t\t\t<div class=\"elementor-column elementor-col-100 elementor-top-column elementor-element elementor-element-750e70f4\" data-id=\"750e70f4\" data-element_type=\"column\">\n\t\t\t<div class=\"elementor-widget-wrap elementor-element-populated\">\n\t\t\t\t\t\t<div class=\"elementor-element elementor-element-665082c0 elementor-widget elementor-widget-heading\" data-id=\"665082c0\" data-element_type=\"widget\" data-widget_type=\"heading.default\">\n\t\t\t\t<div class=\"elementor-widget-container\">\n\t\t\t\t\t<h2 class=\"elementor-heading-title elementor-size-default\">A Pesquisadora<\/h2>\t\t\t\t<\/div>\n\t\t\t\t<\/div>\n\t\t\t\t\t<\/div>\n\t\t<\/div>\n\t\t\t\t\t<\/div>\n\t\t<\/section>\n\t\t\t\t<section class=\"elementor-section elementor-top-section elementor-element elementor-element-2a7f5cb3 elementor-section-boxed elementor-section-height-default elementor-section-height-default\" data-id=\"2a7f5cb3\" data-element_type=\"section\">\n\t\t\t\t\t\t<div class=\"elementor-container elementor-column-gap-default\">\n\t\t\t\t\t<div class=\"elementor-column elementor-col-100 elementor-top-column elementor-element elementor-element-130e6a75\" data-id=\"130e6a75\" data-element_type=\"column\">\n\t\t\t<div class=\"elementor-widget-wrap elementor-element-populated\">\n\t\t\t\t\t\t<div class=\"elementor-element elementor-element-73c19e9 elementor-absolute elementor-widget-divider--view-line elementor-widget elementor-widget-divider\" data-id=\"73c19e9\" data-element_type=\"widget\" data-settings=\"{&quot;_position&quot;:&quot;absolute&quot;}\" data-widget_type=\"divider.default\">\n\t\t\t\t<div class=\"elementor-widget-container\">\n\t\t\t\t\t\t\t<div class=\"elementor-divider\">\n\t\t\t<span class=\"elementor-divider-separator\">\n\t\t\t\t\t\t<\/span>\n\t\t<\/div>\n\t\t\t\t\t\t<\/div>\n\t\t\t\t<\/div>\n\t\t\t\t\t<\/div>\n\t\t<\/div>\n\t\t\t\t\t<\/div>\n\t\t<\/section>\n\t\t\t\t<section class=\"elementor-section elementor-top-section elementor-element elementor-element-6adc71c elementor-section-boxed elementor-section-height-default elementor-section-height-default\" data-id=\"6adc71c\" data-element_type=\"section\">\n\t\t\t\t\t\t<div class=\"elementor-container elementor-column-gap-default\">\n\t\t\t\t\t<div class=\"elementor-column elementor-col-100 elementor-top-column elementor-element elementor-element-0d91fd8\" data-id=\"0d91fd8\" data-element_type=\"column\">\n\t\t\t<div class=\"elementor-widget-wrap elementor-element-populated\">\n\t\t\t\t\t\t<div class=\"elementor-element elementor-element-e3d75de elementor-widget elementor-widget-spacer\" data-id=\"e3d75de\" data-element_type=\"widget\" data-widget_type=\"spacer.default\">\n\t\t\t\t<div class=\"elementor-widget-container\">\n\t\t\t\t\t\t\t<div class=\"elementor-spacer\">\n\t\t\t<div class=\"elementor-spacer-inner\"><\/div>\n\t\t<\/div>\n\t\t\t\t\t\t<\/div>\n\t\t\t\t<\/div>\n\t\t\t\t<div class=\"elementor-element elementor-element-22b9a27 elementor-widget elementor-widget-text-editor\" data-id=\"22b9a27\" data-element_type=\"widget\" data-widget_type=\"text-editor.default\">\n\t\t\t\t<div class=\"elementor-widget-container\">\n\t\t\t\t\t\t\t\t\t<p>A pesquisadora <a href=\"https:\/\/buscatextual.cnpq.br\/buscatextual\/visualizacv.do?id=K8113234D0&amp;tokenCaptchar=0cAFcWeA7zyO5DtrUX9F0Aac6s7649NgQp1AnejM0G80CDJEs-vFiGKOMFi0No7wUM1v07f7Ge3Z8rUf1pjXmaOFo3pgBRF0rGzSCX-09Vh6nWMXl80Rh98sbNaSIoEoCDWlHILDY43KGg5rmDPje3wmg0vBRg7HIfRZcyE-pTJnxSCDbsXQEn7DlVAJ2HJRMuOshkf9bVqSSs2FMpA2slmZJVJhKaeKLjOWO6S01HQ-ASQbXkkTKIScyRRpq_YzDc48_lveQDSjud-4lH5WpYKwu7YHYC_JS3POQwfimak0gdUMgF7lBO_JXlIWrhXpl3AOEYnX-s9UShUqScVinJLdCInhqThinbpqhj-P7qYoNwvrt6973TqhGZeFlB_PRJT3g4IJ8PzlW2Gt9tjVI8l5D_adm-LQY4003L-IqriBMrxOPqHzapK6AfZBSqkB9H0Z6XV0Efkpfihz9Syb2yyuwLZBLxiGf5dusWt49gOxJ0jkB6jLZyQghBCqDmOqQSgO_f0ZSUIgIZydhOWWfe-CzyjtWks1Mg9XIRVirBaGsSf39hoZMpuCzzskaK-IQdoDX7SSBSx2ayiK0Ng5HD3al81qsq4ncAUAA1M9EVSd2aPB6EkO9DsJvYDSHohV2gVCA7YRtr4T23a8gl94jh3e-X-SIw3Lrif8fF0rKTqNqyw6wyY1RsNylZdPWMUalkQ4Xzqk1l-GuyLxxREr5_qXvhmtBHczMxTAYOnxGXZx7biBvn51-7WMhmHrQkItvD32w-6GFN62JdA5K1lPSd0KQcwCPMqBoqAkGo30p02-5nQtbN-ilBoMzyx9KxHqIDlEHyYhAbQ1zbXQUB7kdiQRNJLCbqqYGNu2wX4PAHx-XxlF84WqyXe0g\">Stephanne da Cruz Santiago<\/a> \u00e9 doutoranda em Estudos Lingu\u00edsticos pela Universidade Estadual de Feira de Santana (FAPESB\/PPGEL\/UEFS). Possui mestrado em Estudos Lingu\u00edsticos (CAPES) e licenciatura em Letras com L\u00edngua Inglesa pela Universidade Estadual de Feira de Santana. Atuou como bolsista de Inicia\u00e7\u00e3o a Doc\u00eancia (PIBID\/CAPES\/UEFS 2014\/2015) do Subprojeto Letras Ingl\u00eas &#8211; UEFS.<\/p>\t\t\t\t\t\t\t\t<\/div>\n\t\t\t\t<\/div>\n\t\t\t\t\t<\/div>\n\t\t<\/div>\n\t\t\t\t\t<\/div>\n\t\t<\/section>\n\t\t\t\t<section class=\"elementor-section elementor-top-section elementor-element elementor-element-d631d0c elementor-section-stretched elementor-section-boxed elementor-section-height-default elementor-section-height-default\" data-id=\"d631d0c\" data-element_type=\"section\" data-settings=\"{&quot;background_background&quot;:&quot;classic&quot;,&quot;stretch_section&quot;:&quot;section-stretched&quot;}\">\n\t\t\t\t\t\t<div class=\"elementor-container elementor-column-gap-default\">\n\t\t\t\t\t<div class=\"elementor-column elementor-col-100 elementor-top-column elementor-element elementor-element-dc071e5\" data-id=\"dc071e5\" data-element_type=\"column\">\n\t\t\t<div class=\"elementor-widget-wrap elementor-element-populated\">\n\t\t\t\t\t\t<div class=\"elementor-element elementor-element-98d078f elementor-widget elementor-widget-spacer\" data-id=\"98d078f\" data-element_type=\"widget\" data-widget_type=\"spacer.default\">\n\t\t\t\t<div class=\"elementor-widget-container\">\n\t\t\t\t\t\t\t<div class=\"elementor-spacer\">\n\t\t\t<div class=\"elementor-spacer-inner\"><\/div>\n\t\t<\/div>\n\t\t\t\t\t\t<\/div>\n\t\t\t\t<\/div>\n\t\t\t\t<div class=\"elementor-element elementor-element-24f05dc elementor-widget elementor-widget-text-editor\" data-id=\"24f05dc\" data-element_type=\"widget\" data-widget_type=\"text-editor.default\">\n\t\t\t\t<div class=\"elementor-widget-container\">\n\t\t\t\t\t\t\t\t\t<p>Foi bolsista de Inicia\u00e7\u00e3o Cient\u00edfica (PIBIC\/CNPq\/AF\/UEFS 2015\/2016) com o plano de trabalho <em>Edi\u00e7\u00e3o semidiplom\u00e1tica do caderno Farm\u00e1cia S\u00e3o Jos\u00e9<\/em>; (PROCAD\/CAPES\/PUC-RIO 2016-2017) com o plano de trabalho <em>Por uma A\u00e7\u00e3o Cat\u00f3lica: edi\u00e7\u00e3o digital e estudo das cartas religiosas no caderno Farm\u00e1cia S\u00e3o Jos\u00e9, de Eul\u00e1lio Motta<\/em>; (PIBIC\/CNPq\/UEFS 2017\/18) com o plano de trabalho <em>Cartas religiosas de Eul\u00e1lio Motta: edi\u00e7\u00e3o digital e estudo do vocabul\u00e1rio religioso no caderno Farm\u00e1cia S\u00e3o Jos\u00e9<\/em>, pesquisas estas vinculadas aos projetos <em>Edi\u00e7\u00e3o das obras In\u00e9ditas de Eul\u00e1lio Motta<\/em> (IV Etapa) e <em>Estudos lexicais no acervo de Eul\u00e1lio Motta<\/em>. \u00c9 membro do Grupo de Pesquisa <em>Estudos Interdisciplinares em Humanidades Digitais<\/em>, desde 2015, e do N\u00facleo de Estudos Lexicais (CNPq), desde 2020.<\/p>\t\t\t\t\t\t\t\t<\/div>\n\t\t\t\t<\/div>\n\t\t\t\t\t<\/div>\n\t\t<\/div>\n\t\t\t\t\t<\/div>\n\t\t<\/section>\n\t\t\t\t<section class=\"elementor-section elementor-top-section elementor-element elementor-element-479bc2e elementor-section-boxed elementor-section-height-default elementor-section-height-default\" data-id=\"479bc2e\" data-element_type=\"section\">\n\t\t\t\t\t\t<div class=\"elementor-container elementor-column-gap-default\">\n\t\t\t\t\t<div class=\"elementor-column elementor-col-100 elementor-top-column elementor-element elementor-element-fc1deb3\" data-id=\"fc1deb3\" data-element_type=\"column\">\n\t\t\t<div class=\"elementor-widget-wrap elementor-element-populated\">\n\t\t\t\t\t\t<div class=\"elementor-element elementor-element-454e95a elementor-widget elementor-widget-spacer\" data-id=\"454e95a\" data-element_type=\"widget\" data-widget_type=\"spacer.default\">\n\t\t\t\t<div class=\"elementor-widget-container\">\n\t\t\t\t\t\t\t<div class=\"elementor-spacer\">\n\t\t\t<div class=\"elementor-spacer-inner\"><\/div>\n\t\t<\/div>\n\t\t\t\t\t\t<\/div>\n\t\t\t\t<\/div>\n\t\t\t\t\t<\/div>\n\t\t<\/div>\n\t\t\t\t\t<\/div>\n\t\t<\/section>\n\t\t\t\t<section class=\"elementor-section elementor-top-section elementor-element elementor-element-b60d867 elementor-section-boxed elementor-section-height-default elementor-section-height-default\" data-id=\"b60d867\" data-element_type=\"section\">\n\t\t\t\t\t\t<div class=\"elementor-container elementor-column-gap-default\">\n\t\t\t\t\t<div class=\"elementor-column elementor-col-100 elementor-top-column elementor-element elementor-element-ca24fa9\" data-id=\"ca24fa9\" data-element_type=\"column\">\n\t\t\t<div class=\"elementor-widget-wrap elementor-element-populated\">\n\t\t\t\t\t\t<div class=\"elementor-element elementor-element-a6e73bb elementor-align-left elementor-widget elementor-widget-button\" data-id=\"a6e73bb\" data-element_type=\"widget\" data-widget_type=\"button.default\">\n\t\t\t\t<div class=\"elementor-widget-container\">\n\t\t\t\t\t\t\t\t\t<div class=\"elementor-button-wrapper\">\n\t\t\t\t\t<a class=\"elementor-button elementor-button-link elementor-size-sm\" href=\"https:\/\/acbmotta.com\/index.php\/videoteca\/\">\n\t\t\t\t\t\t<span class=\"elementor-button-content-wrapper\">\n\t\t\t\t\t\t\t\t\t<span class=\"elementor-button-text\">Ver mais v\u00eddeos<\/span>\n\t\t\t\t\t<\/span>\n\t\t\t\t\t<\/a>\n\t\t\t\t<\/div>\n\t\t\t\t\t\t\t\t<\/div>\n\t\t\t\t<\/div>\n\t\t\t\t\t<\/div>\n\t\t<\/div>\n\t\t\t\t\t<\/div>\n\t\t<\/section>\n\t\t\t\t<section class=\"elementor-section elementor-top-section elementor-element elementor-element-c9da256 elementor-section-boxed elementor-section-height-default elementor-section-height-default\" data-id=\"c9da256\" data-element_type=\"section\">\n\t\t\t\t\t\t<div class=\"elementor-container elementor-column-gap-default\">\n\t\t\t\t\t<div class=\"elementor-column elementor-col-50 elementor-top-column elementor-element elementor-element-5d43e32\" data-id=\"5d43e32\" data-element_type=\"column\">\n\t\t\t<div class=\"elementor-widget-wrap elementor-element-populated\">\n\t\t\t\t\t\t<div class=\"elementor-element elementor-element-ba196b0 elementor-widget elementor-widget-video\" data-id=\"ba196b0\" data-element_type=\"widget\" data-settings=\"{&quot;youtube_url&quot;:&quot;https:\\\/\\\/www.youtube.com\\\/watch?v=FYb7u6neVs4&amp;t=5563s&quot;,&quot;video_type&quot;:&quot;youtube&quot;,&quot;controls&quot;:&quot;yes&quot;}\" data-widget_type=\"video.default\">\n\t\t\t\t<div class=\"elementor-widget-container\">\n\t\t\t\t\t\t\t<div class=\"elementor-wrapper elementor-open-inline\">\n\t\t\t<div class=\"elementor-video\"><\/div>\t\t<\/div>\n\t\t\t\t\t\t<\/div>\n\t\t\t\t<\/div>\n\t\t\t\t\t<\/div>\n\t\t<\/div>\n\t\t\t\t<div class=\"elementor-column elementor-col-50 elementor-top-column elementor-element elementor-element-ca9ac11\" data-id=\"ca9ac11\" data-element_type=\"column\">\n\t\t\t<div class=\"elementor-widget-wrap\">\n\t\t\t\t\t\t\t<\/div>\n\t\t<\/div>\n\t\t\t\t\t<\/div>\n\t\t<\/section>\n\t\t\t\t<section class=\"elementor-section elementor-top-section elementor-element elementor-element-d5e8ed2 elementor-section-boxed elementor-section-height-default elementor-section-height-default\" data-id=\"d5e8ed2\" data-element_type=\"section\">\n\t\t\t\t\t\t<div class=\"elementor-container elementor-column-gap-default\">\n\t\t\t\t\t<div class=\"elementor-column elementor-col-100 elementor-top-column elementor-element elementor-element-84f2855\" data-id=\"84f2855\" data-element_type=\"column\">\n\t\t\t<div class=\"elementor-widget-wrap elementor-element-populated\">\n\t\t\t\t\t\t<div class=\"elementor-element elementor-element-c7af11c elementor-widget elementor-widget-spacer\" data-id=\"c7af11c\" data-element_type=\"widget\" data-widget_type=\"spacer.default\">\n\t\t\t\t<div class=\"elementor-widget-container\">\n\t\t\t\t\t\t\t<div class=\"elementor-spacer\">\n\t\t\t<div class=\"elementor-spacer-inner\"><\/div>\n\t\t<\/div>\n\t\t\t\t\t\t<\/div>\n\t\t\t\t<\/div>\n\t\t\t\t\t<\/div>\n\t\t<\/div>\n\t\t\t\t\t<\/div>\n\t\t<\/section>\n\t\t\t\t<section class=\"elementor-section elementor-top-section elementor-element elementor-element-7fbafd4 elementor-section-stretched elementor-section-boxed elementor-section-height-default elementor-section-height-default\" data-id=\"7fbafd4\" data-element_type=\"section\" data-settings=\"{&quot;stretch_section&quot;:&quot;section-stretched&quot;,&quot;background_background&quot;:&quot;classic&quot;}\">\n\t\t\t\t\t\t<div class=\"elementor-container elementor-column-gap-default\">\n\t\t\t\t\t<div class=\"elementor-column elementor-col-100 elementor-top-column elementor-element elementor-element-1eb2184\" data-id=\"1eb2184\" data-element_type=\"column\">\n\t\t\t<div class=\"elementor-widget-wrap elementor-element-populated\">\n\t\t\t\t\t\t<div class=\"elementor-element elementor-element-cc61521 elementor-widget elementor-widget-spacer\" data-id=\"cc61521\" data-element_type=\"widget\" data-widget_type=\"spacer.default\">\n\t\t\t\t<div class=\"elementor-widget-container\">\n\t\t\t\t\t\t\t<div class=\"elementor-spacer\">\n\t\t\t<div class=\"elementor-spacer-inner\"><\/div>\n\t\t<\/div>\n\t\t\t\t\t\t<\/div>\n\t\t\t\t<\/div>\n\t\t\t\t<div class=\"elementor-element elementor-element-2278ed5 elementor-widget elementor-widget-text-editor\" data-id=\"2278ed5\" data-element_type=\"widget\" data-widget_type=\"text-editor.default\">\n\t\t\t\t<div class=\"elementor-widget-container\">\n\t\t\t\t\t\t\t\t\t<p><strong>TEXTOS PUBLICADOS<\/strong><\/p><p>SANTIAGO, Stephanne C. <a href=\"http:\/\/tede2.uefs.br:8080\/handle\/tede\/1385\"><b> Meu caro Eudaldo: edi\u00e7\u00e3o dos rascunhos de cartas do caderno <em>Farm\u00e1cia S\u00e3o Jos\u00e9<\/em>, de Eul\u00e1lio Motta<\/b><\/a>. 2021. Disserta\u00e7\u00e3o (Mestrado em Estudos Lingu\u00edsticos) \u2013 Universidade Estadual de Feira de Santana, Feira de Santana, 2021.<\/p><p>SANTIAGO, Stephanne da Cruz; SANTIAGO, Iago Gusm\u00e3o; BARREIROS, Liliane Lemos Santana; BARREIROS, Patr\u00edcio Nunes. Caminhos para uma hiperedi\u00e7\u00e3o: dossi\u00ea de carta aberta a um amigo (sobre um livro de polemica do Snr. Bas\u00edlio Castro), de Eul\u00e1lio Motta. <strong>Revista Philologus<\/strong>, v. 28, p. 60-75, 2022.<\/p><p>SANTIAGO, I. G.; SANTIAGO, Stephanne C.; BARREIROS, L. L. S.. A g\u00eanese da representa\u00e7\u00e3o do portugu\u00eas popular nos causos sertanejos de Eul\u00e1lio Motta. https:\/\/doi.org\/10.13102\/cl.v22i2.9038, v. 23, p. 321-335, 2022.<\/p><p>SANTIAGO, Iago Gusm\u00e3o; SANTIAGO, Stephanne da Cruz; BARREIROS, Liliane Lemos Santana. Do ecossistema lingu\u00edstico ao cultural: estudo das anota\u00e7\u00f5es clim\u00e1ticas do escritor Eul\u00e1lio Motta. <strong>Revista Philologus<\/strong>, v. 28, p. 101-117, 2022.<\/p><p>SANTIAGO, Stephanne da Cruz; BARREIROS, Liliane Lemos Santana. Lingu\u00edstica computacional e transcri\u00e7\u00e3o de manuscritos: tratamento de rascunhos de cartas para inser\u00e7\u00e3o em <em>softwares<\/em>. <strong>Revista Philologus<\/strong>, v. 26, p. 465-481, 2020.<\/p><p>SANTIAGO, Iago Gusm\u00e3o; SANTIAGO, Stephanne da Cruz; BARREIROS, Liliane Lemos Santana. Tradi\u00e7\u00e3o e modernidade na Bahia: dossi\u00ea arquiv\u00edstico e an\u00e1lise do poema &#8216;Originalidade&#8217;, de Eul\u00e1lio Motta. <strong>Revista Philologus<\/strong>, v. 26, p. 221-237, 2020.<\/p><p>SANTIAGO, Iago Gusm\u00e3o; SANTIAGO, Stephanne da Cruz; BARREIROS, Liliane Lemos Santana. Edi\u00e7\u00e3o de documentos e constitui\u00e7\u00e3o de <em>corpora<\/em> lingu\u00edsticos no acervo de Eul\u00e1lio Motta. <strong>Revista Letras<\/strong> (UFSM\/ON-LINE), v. 30, p. 101-130, 2020.<\/p><p>SANTIAGO, Iago Gusm\u00e3o; SANTIAGO, Stephanne da Cruz; BARREIROS, Liliane Lemos Santana; BARREIROS, Patr\u00edcio Nunes. O acervo do escritor e sua conectividade rizom\u00e1tica. <strong>L\u00e9gua &amp; Meia<\/strong>, v. 10, p. 101-122, 2019.<\/p><p>SANTIAGO, Iago Gusm\u00e3o; SANTIAGO, Stephanne da Cruz; BARREIROS, Patr\u00edcio Nunes. A interface rizom\u00e1tica do acervo: constru\u00e7\u00e3o do dossi\u00ea arquiv\u00edstico para elabora\u00e7\u00e3o de edi\u00e7\u00f5es digitais. <strong>A Cor das Letras<\/strong> (UEFS), v. 18, p. 45-67, 2017.<\/p><p>SANTIAGO, Stephanne C.; OLIVEIRA, Bruna S. R.; DANTAS, Nathalia S.; BARRETO, Josenilce R. O.. Edi\u00e7\u00e3o fac-similar, diplom\u00e1tica e modernizada de uma queixa-crime de furto do s\u00e9culo XX. <strong>Revista Graduando<\/strong>, v. 8, p. 29-42, 2017.<\/p><p>SANTIAGO, Stephanne C.; BARREIROS, P. N.; BARREIROS, L. L. S.. A trajet\u00f3ria do escritor Eul\u00e1lio Motta no caderno Farm\u00e1cia S\u00e3o Jos\u00e9. In: Al\u00edcia Duh\u00e1 Lose; Arivaldo Sacramento de Souza; Patr\u00edcio Nunes Barreiros; Rosin\u00eas de Jesus Duarte. (Org.). <strong>Filologia, cultura escrita e estudos culturais<\/strong>. 1ed.Feira de Santana: UEFS Editora, 2018, v. 1, p. 379-403.<\/p><p>SANTIAGO, Iago G.; BARREIROS, L. L. S.; BARREIROS, P. N.; SANTIAGO, S. C.. O acervo na sala de aula: leitura filol\u00f3gica dos causos sertanejos de Eul\u00e1lio Motta. In: MOTTA, Mabel Meira; SOUZA, Arivaldo Sacramento de; BARREIROS, Patr\u00edcio Nunes. (Org.). <strong>Arquivos em perspectiva<\/strong>. 1ed.Campinas: Pontes Editores, 2023, v. , p. 181-193.<\/p><p>SANTIAGO, I. G.; SANTIAGO, Stephanne C.; BARREIROS, L. L. S.. Uma proposta de estudo ecossem\u00e2ntico e ecolexicogr\u00e1fico das formas de categoriza\u00e7\u00e3o da chuva em anota\u00e7\u00f5es clim\u00e1ticas eulalianas. In: I Semin\u00e1rio Internacional de Integra\u00e7\u00e3o da P\u00f3s-Gradua\u00e7\u00e3o em Estudos Lingu\u00edsticos e Liter\u00e1rios do IFMT &#8211; Campus Fronteira Oeste, 2022, Pontes e Lacerda. <strong>Anais do I Semin\u00e1rio Internacional de Integra\u00e7\u00e3o da P\u00f3s-Gradua\u00e7\u00e3o em Estudos Lingu\u00edsticos e Liter\u00e1rios do IFMT<\/strong> &#8211; Campus Fronteira Oeste. Pontes e Lacerda: Atena Editora, 2022. p. 120-137.<\/p><p>SANTIAGO, Stephanne C.; SANTIAGO, I. G.; BARREIROS, L. L. S.. Um estudo da representa\u00e7\u00e3o da norma popular nos causos populares eulalianos a partir das marcas f\u00edsicas de manipula\u00e7\u00e3o. In: I Semin\u00e1rio Internacional de Integra\u00e7\u00e3o da P\u00f3s-Gradua\u00e7\u00e3o em Estudos Lingu\u00edsticos e Liter\u00e1rios do IFMT &#8211; Campus Fronteira Oeste, 2022, Pontes e Lacerda. <strong>Anais do I Semin\u00e1rio Internacional de Integra\u00e7\u00e3o da P\u00f3s-Gradua\u00e7\u00e3o em Estudos Lingu\u00edsticos e Liter\u00e1rios do IFMT<\/strong> &#8211; Campus Fronteira Oeste. Pontes e Lacerda: Atena Editora, 2022. p. 97-111.<\/p><p>SANTIAGO, Stephanne C.; SANTIAGO, I. G.; BARREIROS, L. L. S.; BARREIROS, P. N.. Texto-rizoma: dossi\u00ea arquiv\u00edstico dos textos &#8216;Mania&#8217; e &#8216;Meu caro Eudaldo: Sauda\u00e7\u00f5es&#8217; de Eul\u00e1lio Motta. In: I Seminario Nacional de Paleografia: Paleografia e suas interfaces, 2019, Salvador. <strong>I Seminario Nacional de Paleografia: Paleografia e suas interfaces &#8211; comunica\u00e7\u00f5es<\/strong>. Salvador: Mem\u00f3ria &amp; Art, 2019. v. 1. p. 580-598.<\/p><p>SANTIAGO, Stephanne C.; BARREIROS, P. N.. Edi\u00e7\u00e3o e estudo do caderno Farm\u00e1cia S\u00e3o Jos\u00e9, de Eul\u00e1lio Motta. In: VIII SEF &#8211; Semin\u00e1rio de Estudos Filol\u00f3gicos, 2016, Feira de Santana &#8211; BA. <strong>Anais do VIII Semin\u00e1rio de Estudos Filol\u00f3gicos<\/strong>, 2016.<\/p>\t\t\t\t\t\t\t\t<\/div>\n\t\t\t\t<\/div>\n\t\t\t\t\t<\/div>\n\t\t<\/div>\n\t\t\t\t\t<\/div>\n\t\t<\/section>\n\t\t\t\t<section class=\"elementor-section elementor-top-section elementor-element elementor-element-43d186d elementor-section-boxed elementor-section-height-default elementor-section-height-default\" data-id=\"43d186d\" data-element_type=\"section\">\n\t\t\t\t\t\t<div class=\"elementor-container elementor-column-gap-default\">\n\t\t\t\t\t<div class=\"elementor-column elementor-col-100 elementor-top-column elementor-element elementor-element-c42c26d\" data-id=\"c42c26d\" data-element_type=\"column\">\n\t\t\t<div class=\"elementor-widget-wrap\">\n\t\t\t\t\t\t\t<\/div>\n\t\t<\/div>\n\t\t\t\t\t<\/div>\n\t\t<\/section>\n\t\t\t\t<\/div>\n\t\t\n    <div class=\"xs_social_share_widget xs_share_url after_content \t\tmain_content  wslu-style-1 wslu-share-box-shaped wslu-fill-colored wslu-none wslu-share-horizontal wslu-theme-font-no wslu-main_content\">\n\n\t\t\n        <ul>\n\t\t\t        <\/ul>\n    <\/div> \n","protected":false},"excerpt":{"rendered":"<p>A Pesquisadora A pesquisadora Stephanne da Cruz Santiago \u00e9 doutoranda em Estudos Lingu\u00edsticos pela Universidade Estadual de Feira de Santana (FAPESB\/PPGEL\/UEFS). Possui mestrado em Estudos&hellip;<\/p>\n","protected":false},"author":1,"featured_media":0,"parent":0,"menu_order":0,"comment_status":"closed","ping_status":"closed","template":"","meta":{"postBodyCss":"","postBodyMargin":[],"postBodyPadding":[],"postBodyBackground":{"backgroundType":"classic","gradient":""},"footnotes":""},"class_list":["post-34","page","type-page","status-publish","hentry"],"_links":{"self":[{"href":"https:\/\/acbmotta.com\/index.php\/wp-json\/wp\/v2\/pages\/34","targetHints":{"allow":["GET"]}}],"collection":[{"href":"https:\/\/acbmotta.com\/index.php\/wp-json\/wp\/v2\/pages"}],"about":[{"href":"https:\/\/acbmotta.com\/index.php\/wp-json\/wp\/v2\/types\/page"}],"author":[{"embeddable":true,"href":"https:\/\/acbmotta.com\/index.php\/wp-json\/wp\/v2\/users\/1"}],"replies":[{"embeddable":true,"href":"https:\/\/acbmotta.com\/index.php\/wp-json\/wp\/v2\/comments?post=34"}],"version-history":[{"count":69,"href":"https:\/\/acbmotta.com\/index.php\/wp-json\/wp\/v2\/pages\/34\/revisions"}],"predecessor-version":[{"id":4443,"href":"https:\/\/acbmotta.com\/index.php\/wp-json\/wp\/v2\/pages\/34\/revisions\/4443"}],"wp:attachment":[{"href":"https:\/\/acbmotta.com\/index.php\/wp-json\/wp\/v2\/media?parent=34"}],"curies":[{"name":"wp","href":"https:\/\/api.w.org\/{rel}","templated":true}]}}